he prime factors of j.
5, 73
Let j(s) = 26*s**2 + 6*s + 14. Suppose 7*g - 36*g - 87 = 0. List the prime factors of j(g).
2, 5, 23
Let n(l) = 1482*l + 5753. List the prime factors of n(12).
23537
Let a = -393 - -445. Suppose 31*j = a*j - 14322. What are the prime factors of j?
2, 11, 31
List the prime factors of (-1 + -188)/(-4*7/84).
3, 7
Let a(v) = -v**2 + 7*v - 6. Let d(p) = p**2 + 4*p + 10. Let j be d(-5). Suppose -5*h + j = 5. What are the prime factors of a(h)?
2
Suppose 3*u - 378 + 8553 = 3*t, -5*u + 3*t - 13627 = 0. Let o = -1744 - u. What are the prime factors of o?
2, 491
Let u be 12 - 12/((-156)/(-91)). Let w(q) = 28*q - 4. Let z be w(3). Let d = z - u. What are the prime factors of d?
3, 5
Let a(d) = 163*d**2 - 9*d - 43. Let n be a(-11). Suppose 0 = 13*x + 6*x - n. List the prime factors of x.
3, 347
Suppose 7*p - 11*p + 3*s = -2267, 2*s - 2262 = -4*p. List the prime factors of p.
2, 283
Let i(t) = t**2 - 4. Let o be i(3). Suppose -2*v - 3*d = -0*v - 3, o = 5*d. Let k(n) = n**2 + 2*n + 7. List the prime factors of k(v).
7
Let v(s) = -204 - s**3 + 51*s**2 + 276 - 19*s - 15*s**2. List the prime factors of v(35).
2, 79
Suppose 42307 = s + 12*w - 10*w, 23*w = 5*s - 211766. What are the prime factors of s?
3, 14107
Suppose -3*a - 3*w = 2*w + 16, 0 = -2*a + 4*w + 26. Suppose -a*u - u = -48. Let t = u + 62. What are the prime factors of t?
2, 37
List the prime factors of 25788 - ((1 - 11) + 10)*(-1)/(-2).
2, 3, 7, 307
Let c(t) = 14*t**2 - 21*t + 15. Let v be c(11). Suppose a - 4*a + 2945 = 2*f, -f + 4*a = -v. List the prime factors of f.
2, 11, 67
Let c(i) = 6*i**2 + 72*i - 1. Let w be c(-12). List the prime factors of (w - 16/(-12)) + (-2507)/(-3).
2, 11, 19
Suppose 4*d - 10*n = -15*n - 105, 4*n = d + 21. Suppose 0*z = -2*z - 104. Let t = d - z. What are the prime factors of t?
3
Let o(s) be the second derivative of s**5/30 + s**4/3 + s**3/6 + 17*s**2 + 43*s. Let p(i) be the first derivative of o(i). What are the prime factors of p(-7)?
43
Suppose 27*d - 39*d + 5928 = 0. Suppose -2*n - 2678 = -2*q + d, 2*n = 3*q - 4762. List the prime factors of q.
2, 3, 5, 53
Let q = -221 + 223. Suppose -q*a + 407 = -4*v - 421, -2*a = -3*v - 832. List the prime factors of a.
2, 211
Let b(g) be the third derivative of 25*g**4/12 - 43*g**3/3 + 31*g**2. List the prime factors of b(16).
2, 3, 7, 17
Suppose -4*y + 18646 = -12*o + 7*o, 18626 = 4*y + 5*o. List the prime factors of y.
3, 1553
Let z = -86 - -78. Let x(v) = 12*v**2 + 10*v - 32. What are the prime factors of x(z)?
2, 41
Suppose -2*g + 18270 = -46*w + 47*w, 0 = 5*w + 10. List the prime factors of g.
2, 571
Suppose 23*y - 20*y = -2*c + 12914, -5*c = y - 32246. List the prime factors of c.
2, 13, 31
Suppose -302*m = -380*m + 813072. List the prime factors of m.
2, 1303
Suppose -4*a - 6*a = -80. Let y(j) = -26*j + 3. Let w be y(a). Let c = w + 371. What are the prime factors of c?
2, 83
Suppose 2*p + 4*j = 52994, 47323 + 58653 = 4*p + 4*j. What are the prime factors of p?
59, 449
What are the prime factors of -7*73585/(-70) + (-6)/4?
7, 1051
Suppose -2*q + 27 - 7 = 3*g, 2*g - 2*q = 0. Suppose 0 = -g*c + 7*c - 1347. List the prime factors of c.
449
Suppose 0 = 2*i - 4, -5 = -j + 4*i - 53. Let r be 6/(-10) - 13504/j. Suppose -r + 97 = -3*t. List the prime factors of t.
2, 5
Suppose -260 = -5*l + 3*l. Let c be (-25080)/(-104) + (9 - 4) - (-4)/(-26). Let o = c - l. List the prime factors of o.
2, 29
Let t = -252 - -254. Let x = -6 + 6. Suppose x = -4*j - j - t*a + 293, -j - 2*a + 57 = 0. What are the prime factors of j?
59
What are the prime factors of -1 + 232065/20 + (-21)/84?
2, 5801
Let f = -62879 + 108045. List the prime factors of f.
2, 11, 2053
Suppose 90 = 20*d - 11*d. List the prime factors of (5/d)/(4/8264).
1033
Let b = 133 + -84. List the prime factors of 1428/b - (-3)/(-21).
29
Let p(i) = 1325*i**3 + 7*i**2 - 147*i + 426. List the prime factors of p(3).
3, 11941
Let x = 689 - 178. Suppose -4*r - 529 = 2*d - 3*d, d + 5*r - x = 0. List the prime factors of d.
521
Let i(k) = -k**2 - 101*k - 1201. What are the prime factors of i(-20)?
419
Let q be -4 + 8 + 0 + 1. Suppose 5*x - 6*x - 21 = -5*f, -q*f + 18 = 2*x. Suppose -f*n + 103 + 81 = 0. List the prime factors of n.
2, 23
Let v be ((-115)/46)/((1/(-14))/(-1)). Let o be 3 + -3 + 216/2. Let r = o + v. What are the prime factors of r?
73
Let v(q) = -20*q + 16. Let r(t) = 10*t - 7. Suppose -4*d = 12 + 32. Let b(c) = d*r(c) - 6*v(c). List the prime factors of b(6).
41
Suppose 0 = o + o - 18. Suppose 18*r = 17 + 37. Suppose 5*h + r*f = 57 + 19, -3*f - o = 0. List the prime factors of h.
17
Suppose -5*d - 4*z + 104 = 0, 0*z - 2*z - 104 = -4*d. Suppose 3*b - d = -o, -5*b - 4*o = -33 - 7. Suppose -i + 351 = b*i. What are the prime factors of i?
3, 13
Suppose 5*u = -u - 2352. Let j = u - -959. What are the prime factors of j?
3, 7
Let z(w) = 6816*w - 1277. List the prime factors of z(4).
13, 1999
List the prime factors of 16360/12*7434/295.
2, 3, 7, 409
Let c = -29577 + 43146. What are the prime factors of c?
3, 4523
Let l = -78 + 117. Let g = l - 11. List the prime factors of g.
2, 7
Let n(l) = -286*l**3 + 2*l**2 - l - 10. List the prime factors of n(-4).
2, 3, 5, 13, 47
Let v = 67 + -60. List the prime factors of 1630/v - -1 - 16/(-112).
2, 3, 13
Let z be (-1302)/315 + 4/30. Let f be z*3/(2 + 4). List the prime factors of (-6)/f*6/2.
3
Let x(f) be the third derivative of 23*f**4/24 - 175*f**3/6 - 83*f**2. What are the prime factors of x(17)?
2, 3
Let y = -65964 + 126971. List the prime factors of y.
61007
Suppose 52*w - 892872 = -3*w - 17*w. List the prime factors of w.
12401
Let u(m) = 8 - 34 - 6*m - 16 + 49*m - 24. List the prime factors of u(13).
17, 29
Suppose 66*p - 494689 = -36*p + 840389. List the prime factors of p.
3, 4363
Let a(f) = -27*f - 135. Let p(y) = -7*y - 34. Let d(s) = 4*a(s) - 15*p(s). Let i be d(-9). Let q(l) = 7*l**2 + 2*l + 4. List the prime factors of q(i).
61
Suppose -11*a = -16*a + 5, 6 = l + 2*a. Let i(v) = 82*v**2 - 4*v - 21. List the prime factors of i(l).
3, 5, 17
Let k(c) = 61*c + 46. Let x(m) = -61*m - 47. Let q(j) = -4*k(j) - 3*x(j). What are the prime factors of q(-3)?
2, 5, 7
Let m(l) = -4*l + 5. Let a be (3/(-10)*2)/(6/(-90)). Let f be m(a). Let h = f - -135. List the prime factors of h.
2, 13
Suppose -2*h = 2*u - 283 + 47, -3*u = 4*h - 475. Let c = -49 + h. Let k = 161 - c. What are the prime factors of k?
89
Suppose 0 = 3*r - 35 - 100. Let u be (-1 - (-16 - -5))/((-1)/(-1)). Let d = r - u. List the prime factors of d.
5, 7
Let w(i) = 8*i + 42. Let a = -65 - -60. Let h be w(a). Suppose -h*q = -0*q - 478. What are the prime factors of q?
239
Let q be (-65)/9 + 12/54. Let h = 63 - q. Suppose 4*m - 414 = h. List the prime factors of m.
11
Let x(z) = 24*z + 80. Suppose 1479 = -2*n + 1485. List the prime factors of x(n).
2, 19
Let x = 12 - 209. Let h = 85 + x. List the prime factors of (144/(-28))/(6/h).
2, 3
Suppose 4*p - 3*k = p + 546, -p - 5*k = -170. Let q(i) = i. Let x be q(5). Suppose x*f - 535 = -p. List the prime factors of f.
71
Suppose -m = -3*s - 2 + 24, 4*s + 3*m - 51 = 0. Suppose -3*o + s = -6*o. List the prime factors of -1 - ((-4)/o)/((-2)/177).
3, 13
Let v = 905 - 891. What are the prime factors of ((-1204)/12)/((v/36)/(-7))?
2, 3, 7, 43
Let p be (-8)/(-14) - (-13)/((-728)/(-1480)). List the prime factors of 251 + (-48)/p + (-2)/9.
3, 83
Suppose 3*r - 4*q - 9613 = 0, 0 = 2*r - 3*r - 4*q + 3231. Suppose -16546 + r = -21*d. List the prime factors of d.
5, 127
Suppose 0 = 20*p - 2435 - 14766 - 1259. What are the prime factors of p?
13, 71
Let q(j) = -j**2 + 46*j + 38. Let g be q(28). Suppose 6*i = 994 + g. Suppose -4*s + i = -120. List the prime factors of s.
2, 47
Let v(k) = 6*k**2 + 30*k - 15. Let b be v(5). Let u = b - -1129. What are the prime factors of u?
2, 7, 101
Suppose 9*f - 8*f = 5*q - 16, -2*q - 12 = -5*f. Let o(w) = 105*w - 80. List the prime factors of o(q).
2, 5, 17
Let a(i) = 183*i - 22. Let n(s) = -2*s**3 + 22*s**2 + 4. Let w be n(11). What are the prime factors of a(w)?
2, 5, 71
List the prime factors of 37380/(-1424)*(-1704)/10.
3, 7, 71
Let m be (7 - 9 - 0) + 734. Suppose -m - 3123 = -5*z. List the prime factors of z.
3, 257
Suppose -27*d - 4*v - 9360 = -31*d, 0 = 4*d + v - 9365. What 